{"id":10006,"date":"2023-11-09T21:48:43","date_gmt":"2023-11-09T20:48:43","guid":{"rendered":"https:\/\/www.tandir.fr\/word\/?post_type=product&#038;p=10006"},"modified":"2023-11-10T13:44:14","modified_gmt":"2023-11-10T12:44:14","slug":"roulement-a-billes-607-tete-de-decoupe","status":"publish","type":"product","link":"https:\/\/www.tandir.fr\/index.php\/produit\/roulement-a-billes-607-tete-de-decoupe\/","title":{"rendered":"Roulement \u00e0 billes 607 (T\u00eate de d\u00e9coupe)"},"content":{"rendered":"<p>Roulement \u00e0 billes pour la partie avant du bo\u00eetier du couteau Tandir. Convient pour les trois tailles (100\/120\/140).<\/p>\n","protected":false},"excerpt":{"rendered":"<p>Roulement \u00e0 billes pour la partie avant du bo\u00eetier du couteau Tandir. Convient pour les trois tailles (100\/120\/140).<\/p>\n","protected":false},"featured_media":10007,"comment_status":"closed","ping_status":"closed","template":"","meta":{"_monsterinsights_skip_tracking":false,"_monsterinsights_sitenote_active":false,"_monsterinsights_sitenote_note":"","_monsterinsights_sitenote_category":0,"_uf_show_specific_survey":0,"_uf_disable_surveys":false},"product_brand":[],"product_cat":[73],"product_tag":[],"class_list":{"0":"post-10006","1":"product","2":"type-product","3":"status-publish","4":"has-post-thumbnail","6":"product_cat-pieces-de-rechange","8":"first","9":"instock","10":"shipping-taxable","11":"purchasable","12":"product-type-simple"},"aioseo_notices":[],"jetpack_sharing_enabled":true,"_links":{"self":[{"href":"https:\/\/www.tandir.fr\/index.php\/wp-json\/wp\/v2\/product\/10006","targetHints":{"allow":["GET"]}}],"collection":[{"href":"https:\/\/www.tandir.fr\/index.php\/wp-json\/wp\/v2\/product"}],"about":[{"href":"https:\/\/www.tandir.fr\/index.php\/wp-json\/wp\/v2\/types\/product"}],"replies":[{"embeddable":true,"href":"https:\/\/www.tandir.fr\/index.php\/wp-json\/wp\/v2\/comments?post=10006"}],"wp:featuredmedia":[{"embeddable":true,"href":"https:\/\/www.tandir.fr\/index.php\/wp-json\/wp\/v2\/media\/10007"}],"wp:attachment":[{"href":"https:\/\/www.tandir.fr\/index.php\/wp-json\/wp\/v2\/media?parent=10006"}],"wp:term":[{"taxonomy":"product_brand","embeddable":true,"href":"https:\/\/www.tandir.fr\/index.php\/wp-json\/wp\/v2\/product_brand?post=10006"},{"taxonomy":"product_cat","embeddable":true,"href":"https:\/\/www.tandir.fr\/index.php\/wp-json\/wp\/v2\/product_cat?post=10006"},{"taxonomy":"product_tag","embeddable":true,"href":"https:\/\/www.tandir.fr\/index.php\/wp-json\/wp\/v2\/product_tag?post=10006"}],"curies":[{"name":"wp","href":"https:\/\/api.w.org\/{rel}","templated":true}]}}