{"id":10115,"date":"2023-11-10T16:11:16","date_gmt":"2023-11-10T15:11:16","guid":{"rendered":"https:\/\/www.tandir.fr\/?post_type=product&#038;p=10115"},"modified":"2023-11-10T16:12:38","modified_gmt":"2023-11-10T15:12:38","slug":"potis-entrainement-motorise-p-f-gd3-1-tr-min-35-w-230-v-dans-le-boitier","status":"publish","type":"product","link":"https:\/\/www.tandir.fr\/index.php\/produit\/potis-entrainement-motorise-p-f-gd3-1-tr-min-35-w-230-v-dans-le-boitier\/","title":{"rendered":"Potis Entra\u00eenement motoris\u00e9 p. F- GD3 \/ 1 tr\/min (3,5 W\/230 V) dans le bo\u00eetier"},"content":{"rendered":"<p><strong>Entra\u00eenement motoris\u00e9 dans le bo\u00eetier pour F- GD3<\/strong><br \/>\n<strong>1 tr\/min \/ 3,5 W \/ 230 V<\/strong><\/p>\n","protected":false},"excerpt":{"rendered":"<p>Entra\u00eenement motoris\u00e9 dans le bo\u00eetier pour F- GD3<br \/>\n1 tr\/min \/ 3,5 W \/ 230 V<\/p>\n","protected":false},"featured_media":10116,"comment_status":"closed","ping_status":"closed","template":"","meta":{"_monsterinsights_skip_tracking":false,"_monsterinsights_sitenote_active":false,"_monsterinsights_sitenote_note":"","_monsterinsights_sitenote_category":0,"_uf_show_specific_survey":0,"_uf_disable_surveys":false},"product_brand":[],"product_cat":[93],"product_tag":[],"class_list":{"0":"post-10115","1":"product","2":"type-product","3":"status-publish","4":"has-post-thumbnail","6":"product_cat-potis","8":"first","9":"instock","10":"taxable","11":"shipping-taxable","12":"purchasable","13":"product-type-simple"},"aioseo_notices":[],"jetpack_sharing_enabled":true,"_links":{"self":[{"href":"https:\/\/www.tandir.fr\/index.php\/wp-json\/wp\/v2\/product\/10115","targetHints":{"allow":["GET"]}}],"collection":[{"href":"https:\/\/www.tandir.fr\/index.php\/wp-json\/wp\/v2\/product"}],"about":[{"href":"https:\/\/www.tandir.fr\/index.php\/wp-json\/wp\/v2\/types\/product"}],"replies":[{"embeddable":true,"href":"https:\/\/www.tandir.fr\/index.php\/wp-json\/wp\/v2\/comments?post=10115"}],"wp:featuredmedia":[{"embeddable":true,"href":"https:\/\/www.tandir.fr\/index.php\/wp-json\/wp\/v2\/media\/10116"}],"wp:attachment":[{"href":"https:\/\/www.tandir.fr\/index.php\/wp-json\/wp\/v2\/media?parent=10115"}],"wp:term":[{"taxonomy":"product_brand","embeddable":true,"href":"https:\/\/www.tandir.fr\/index.php\/wp-json\/wp\/v2\/product_brand?post=10115"},{"taxonomy":"product_cat","embeddable":true,"href":"https:\/\/www.tandir.fr\/index.php\/wp-json\/wp\/v2\/product_cat?post=10115"},{"taxonomy":"product_tag","embeddable":true,"href":"https:\/\/www.tandir.fr\/index.php\/wp-json\/wp\/v2\/product_tag?post=10115"}],"curies":[{"name":"wp","href":"https:\/\/api.w.org\/{rel}","templated":true}]}}